822. What is a(-32)?
10
Let z(t) = -8*t**2 - 3*t - 564. Calculate z(0).
-564
Let k(p) = -58*p - 545. Determine k(-8).
-81
Let v(d) = -27*d + 2439. Determine v(90).
9
Let t(w) = 74*w + 288. Determine t(-4).
-8
Let n(t) = 3*t**2 - 112*t - 1149. Calculate n(46).
47
Let y(c) = c**3 - 7*c**2 - 222*c + 1511. Give y(7).
-43
Let a(f) = 110*f + 122. Give a(-3).
-208
Let s(v) = -v**3 + 272*v**2 - 265*v - 1609. What is s(271)?
17
Let p(s) = -2*s**3 + 5*s**2 + 6*s + 18. Give p(4).
-6
Let z(h) = h**3 - h**2 - 20*h + 13. Give z(4).
-19
Let c(l) = l**3 + 70*l**2 - 6699*l - 366. Determine c(-124).
6
Let o(h) = -143*h - 15023. What is o(-105)?
-8
Let s(w) = -2*w**2 - 265*w - 2111. Give s(-124).
-3
Let q(j) = -220*j + 38925. Calculate q(177).
-15
Let l(p) = -4*p**2 + p - 6. Calculate l(2).
-20
Let u(n) = -3*n**2 + 153*n - 918. Determine u(7).
6
Let z(h) = -h**3 + 71*h**2 - 1257*h + 77. What is z(38)?
-37
Let r(z) = -3*z**2 - 85*z - 175. Calculate r(-2).
-17
Let z(u) = -6*u**3 - 56*u**2 - 26*u - 74. Determine z(-9).
-2
Let v(o) = -o**2 + 44*o + 196. Give v(49).
-49
Let g(u) = -3*u**2 - 204*u - 629. Give g(-3).
-44
Let j(g) = g**3 - 11*g**2 - 66*g - 12. Determine j(15).
-102
Let y(s) = s**2 - 51*s - 415. Give y(58).
-9
Let s(y) = 2*y**2 + 112*y + 428. Calculate s(-4).
12
Let t(k) = -k**3 - 9*k**2 + 34*k + 8. Calculate t(3).
2
Let g(u) = 101*u**2 - 36*u + 36. Calculate g(1).
101
Let z(c) = 137*c + 5887. What is z(-43)?
-4
Let i(l) = 2*l**3 - 3*l**2 - 2*l - 20. Determine i(0).
-20
Let t(c) = -c**3 - 14*c**2 - 46*c - 26. Calculate t(-10).
34
Let r(k) = -k - 62. What is r(-27)?
-35
Let n(d) = -4*d**3 + 4*d**2 - 31*d - 17. Calculate n(5).
-572
Let j(g) = -14*g**2 + 1522*g + 4576. Give j(-3).
-116
Let d(v) = -v**2 - 21*v - 51. What is d(-3)?
3
Let i(g) = g**2 + 59*g + 872. What is i(-31)?
4
Let q(w) = -w**3 + 44*w**2 - 88*w + 140. What is q(42)?
-28
Let f(o) = 18*o**2 - 66*o - 56. What is f(6)?
196
Let l(w) = -w**3 + 13*w**2 + 85*w + 17. Determine l(-5).
42
Let z(a) = -330*a - 28. Calculate z(0).
-28
Let g(w) = -2*w**3 + 11*w**2 - 5*w + 5. Give g(5).
5
Let f(a) = -27*a + 875. Determine f(22).
281
Let h(b) = -3082*b + 9235. What is h(3)?
-11
Let y(f) = -2024*f + 12163. Give y(6).
19
Let s(p) = p**2 + 31*p + 116. What is s(-4)?
8
Let y(x) = 14*x**3 + 112*x**2 + x + 16. Calculate y(-8).
8
Let d(s) = -s**3 - 9*s**2 - 13. What is d(-6)?
-121
Let p(k) = 435*k + 7392. Determine p(-17).
-3
Let v(l) = -22*l + 148. Give v(7).
-6
Let c(b) = 8*b**2 + 34*b + 16. Give c(6).
508
Let o(d) = d - 103. Give o(32).
-71
Let z(i) = -139*i - 2986. Determine z(-21).
-67
Let w(x) = 189*x + 17602. Determine w(-93).
25
Let i(z) = -218*z + 11617. What is i(53)?
63
Let n(a) = -19*a + 32. Give n(-14).
298
Let a(d) = d**3 + 8*d**2 - 224*d - 1211. Calculate a(-17).
-4
Let j(c) = -48*c**2 - 8*c - 2. Determine j(1).
-58
Let m(i) = -4*i - 4. Calculate m(-4).
12
Let m(a) = -6*a**2 - 108*a + 38. Determine m(-18).
38
Let s(r) = 118*r - 18855. What is s(160)?
25
Let b(m) = 2*m**3 + 185*m**2 + 94*m + 183. Give b(-92).
-1
Let y(t) = -2025*t + 68847. What is y(34)?
-3
Let f(p) = 88*p**2 - 265*p + 6. Calculate f(3).
3
Let q(k) = 6*k + 74. Calculate q(1).
80
Let x(k) = k**3 + 3*k**2 - 2*k - 30. What is x(0)?
-30
Let w(j) = -602*j - 1650. Calculate w(-3).
156
Let v(x) = -3*x**3 - 179*x**2 + 62*x + 131. Determine v(-60).
11
Let d(o) = o**3 + 16*o**2 - 64*o - 23. Give d(-19).
110
Let i(u) = 3*u**3 + 23*u**2 + 24*u + 53. Determine i(-7).
-17
Let m(j) = 6*j**3 - 18*j**2 - 27*j + 38. What is m(4)?
26
Let q(t) = -t**3 - 22*t**2 - 95*t + 70. Give q(-7).
0
Let l(f) = 52*f - 1512. Calculate l(30).
48
Let b(o) = -733*o + 5897. Determine b(8).
33
Let v(k) = 13*k**3 - 25*k**2 + 69*k - 9. Determine v(3).
324
Let h(t) = 32*t + 241. Determine h(8).
497
Let p(j) = -44*j**2 + 1762*j - 84. Give p(40).
-4
Let y(d) = 50*d + 7813. Determine y(-156).
13
Let s(c) = c**3 - 139*c**2 + 278*c - 546. What is s(137)?
2
Let p(q) = 141*q + 10307. Give p(-73).
14
Let a(v) = 425*v + 45871. Determine a(-108).
-29
Let j(h) = 338*h - 4770. Calculate j(14).
-38
Let n(m) = -11*m**2 + 82*m - 123. What is n(2)?
-3
Let l(n) = -n**3 + 52*n**2 - 99*n - 39. Calculate l(50).
11
Let a(z) = -18*z**2 - 79*z + 529. Calculate a(-8).
9
Let t(a) = 72*a**3 + 218*a**2 + 11*a + 33. Give t(-3).
18
Let y(m) = 6*m - 73. Determine y(12).
-1
Let c(b) = 1193*b - 12953. Calculate c(11).
170
Let t(j) = -69*j + 9935. Determine t(144).
-1
Let t(a) = 137*a + 9620. What is t(-70)?
30
Let b(s) = 559*s + 18442. Give b(-33).
-5
Let c(k) = 56*k**2 + 3*k - 95. Determine c(4).
813
Let g(h) = -3*h**3 + 59*h**2 + 84*h + 7. What is g(21)?
7
Let a(f) = 3*f**2 - 37*f - 576. Give a(-9).
0
Let x(i) = 5*i**2 + 12*i + 10. Give x(-6).
118
Let c(q) = -7*q + 308. Calculate c(40).
28
Let a(u) = 34*u + 3493. Calculate a(-102).
25
Let s(w) = -40*w - 4524. Give s(-113).
-4
Let q(v) = -26*v + 54. Give q(-1).
80
Let l(g) = -g**2 + 25*g + 826. Determine l(44).
-10
Let h(a) = 2073*a + 22803. Determine h(-11).
0
Let z(q) = -20*q - 1237. Calculate z(-63).
23
Let o(q) = 15*q**2 + 390*q - 17. Calculate o(-26).
-17
Let n(d) = 6*d**3 - 17*d**2 - 17*d + 2. What is n(-2)?
-80
Let o(z) = z**3 - 24*z**2 + 94*z + 123. What is o(19)?
104
Let c(f) = f - 108. What is c(-31)?
-139
Let i(t) = t**2 - 614*t + 3634. Determine i(6).
-14
Let y(r) = -1497*r - 184125. What is y(-123)?
6
Let f(b) = b**2 - 52*b + 75. Give f(38).
-457
Let s(g) = -3*g**2 + 163*g - 220. What is s(53)?
-8
Let d(u) = 2*u**2 + 6*u - 345. What is d(-15)?
15
Let t(o) = -o**3 - 6*o**2 - 11*o + 26. Determine t(-7).
152
Let s(d) = d**2 + 12*d - 216. What is s(9)?
-27
Let t(v) = 1733*v + 38157. Determine t(-22).
31
Let u(c) = 133*c + 828. Give u(-6).
30
Let c(z) = -449*z + 883. Give c(2).
-15
Let g(y) = y**3 + 3*y**2 - 8*y - 151. Determine g(5).
9
Let p(h) = h**3 - 40*h**2 + 41*h - 75. Determine p(39).
3
Let a(q) = -12*q + 828. Give a(54).
180
Let j(v) = 29*v + 2462. What is j(-85)?
-3
Let b(z) = -z - 225. Calculate b(-34).
-191
Let m(g) = g**3 - 3*g**2 - 30*g + 22. Calculate m(-5).
-28
Let t(i) = -45*i - 615. What is t(-12)?
-75
Let f(x) = x**3 + 19*x**2 + 26*x - 7. Calculate f(-2).
9
Let v(u) = 9*u**2 - 17*u. Calculate v(2).
2
Let u(d) = -d**3 + 8*d**2 - 2*d + 20. Give u(0).
20
Let w(x) = -2*x**2 + 44*x - 54. Give w(33).
-780
Let r(q) = 4*q**3 + q**2 - 9*q + 7. Give r(0).
7
Let t(p) = -98*p**3 - 4*p**2 + 3. Determine t(-1).
97
Let t(k) = k**3 + 12*k**2 - 45*k - 239. Give t(-14).
-1
Let z(i) = i**3 + 2*i**2 - 66*i - 11. Give z(0).
-11
Let v(l) = -l**3 + 3*l**2 + 62*l + 59. Give v(-6).
11
Let x(b) = 4*b + 125. Give x(-20).
45
Let d(j) = -j**3 - 3*j**2 - 16*j - 79. Determine d(-4).
1
Let q(d) = 44*d - 119. What is q(1)?
-75
Let z(y) = -56*y - 79. Calculate z(-8).
369
Let u(s) = 37*s - 2200. Give u(60).
20
Let o(m) = -201*m - 8. Give o(-1).
193
Let k(q) = -q**2 - 64*q - 383. Give k(-57).
16
Let c(o) = 74*o - 582. Determine c(8).
10
Let x(h) = 190*h - 1940. Give x(10).
-40
Let y(r) = 25*r**3 + 4*r**2 + 75*r - 223. Calculate y(3).
713
Let i(p) = 2*p**3 - 43*p**2 - 20*p - 23. Determine i(22).
21
Let w(m) = m**2 - 29*m + 105. Give w(12).
-99
Let i(z) = -13*z - 215. Give i(-17).
6
Let s(r) = 2*r**2 - 15*r - 36. Calculate s(-2).
2
Let k(l) = -12*l - 79. Determine k(-6).
-7
Let c(f) = 8*f**2 + 2*f - 227. Determine c(12).
949
Let x(c) = -5*c**2 - 16*c - 29. Give x(-2).
-17
Let s(b) = 4*b**3 + 13*b**2 + 5*b - 3. Determine s(-4).
-71
Let u(y) = -2*y**3 + 38*y**2 + 46*y - 107. Give u(20).
13
Let w(a) = a**2 - 88*a - 11980. Calculate w(-74).
8
Let b(q) = -218*q + 6106. Calculate b(28).
2
Let f(z) = -z**3 + 51*z**2 - 65*z + 733. Give f(50).
-17
Let b(f) = 2*f**3 + 167*f**2 + 79*f - 335. Determine b(-83).
-3
Let w(b) = -25*b**2 + 2046*b + 2045. Calculate w(-1).
-26
Let l(b) = 2*b**3 + b**2 + 7*b + 5. Determine l(-2).
-21
Let m(n) = n**3 + 32*n**2 + 20*n - 354. Give m(-31).
-13
Let o(d) = d**3 + 21*d**2 - 7*d + 334. What is o(-22)?
4
Let w(x) = x**3 - 10*x**2 - 484*x + 4436. Determine w(9).
-1
Let l(q) = q**3 + 15*q**2 - 37*q - 91. Calculate l(-15).
464
Let d(t) = -t**3 - 25*t**2 - 30*t - 1444. Give d(-26).
12
Let c(v) = -184*v + 14713. Determine c(80).
-7
Let w(d) = -32*d - 172. Determine w(-7).
52
Let b(o) = o**3 + 28*o**2 + o - 10. Calculate b(-28).
-38
Let r(v) = 1